{"id":507,"date":"2024-09-20T15:46:00","date_gmt":"2024-09-20T15:46:00","guid":{"rendered":"http:\/\/sp15ns.pl\/?page_id=507"},"modified":"2024-09-20T22:14:33","modified_gmt":"2024-09-20T22:14:33","slug":"hymn-i-godlo-szkoly","status":"publish","type":"page","link":"https:\/\/sp15ns.pl\/index.php\/hymn-i-godlo-szkoly\/","title":{"rendered":"Hymn i God\u0142o Szko\u0142y"},"content":{"rendered":"\n<p><\/p>\n\n\n\n<p><strong>HYMN SZKO\u0141Y<\/strong><\/p>\n\n\n\n<p><strong><\/strong><strong><em>Spadkobiercy Tatara<\/em><\/strong><\/p>\n\n\n<div class=\"wp-block-image\">\n<figure class=\"alignright size-full\"><img fetchpriority=\"high\" decoding=\"async\" width=\"279\" height=\"245\" src=\"http:\/\/sp15ns.pl\/wp-content\/uploads\/2024\/09\/godlo.gif\" alt=\"\" class=\"wp-image-508\"\/><\/figure>\n<\/div>\n\n\n<p>S\u0142owa: Ewa Florek, muzyka: Pawe\u0142 Ferenc<\/p>\n\n\n\n<p>Gdy do S\u0105cza okupant\u00f3w<br>Zakrad\u0142 si\u0119 z\u0142owrogi cie\u0144<br>Dla oddzia\u0142u partyzant\u00f3w<br>Nadszed\u0142 pr\u00f3by ci\u0119\u017ckiej dzie\u0144<\/p>\n\n\n\n<p>Tatar ludzi m\u0142odych zwo\u0142a\u0142<br>W r\u0119ce im karabin da\u0142<br>Las to by\u0142a dla nich szko\u0142a<br>Egzaminem z lufy strza\u0142<\/p>\n\n\n\n<p>Dzisiaj Wasze po\u015bwi\u0119cenie<br>Nakazuje godnie \u017cy\u0107<br>Nasza szko\u0142a swym imieniem<br>Wasz\u0105 pami\u0119\u0107 b\u0119dzie czci\u0107<\/p>\n\n\n\n<p>Nie przeszkadza\u0142 g\u0142\u00f3d choroba<br>Zimno amunicji brak<br>Aby ci\u0105gle n\u0119ka\u0107 wroga<br>I\u015b\u0107 w b\u00f3j na Tatara znak<\/p>\n\n\n\n<p>Chcieliby\u015bmy by\u0107 jak Oni<br>I pokaza\u0107 ducha hart<br>Naszym \u017cyciem udowodni\u0107<br>Ile ka\u017cdy z nas jest wart<\/p>\n\n\n\n<p><\/p>\n","protected":false},"excerpt":{"rendered":"<p>HYMN SZKO\u0141Y Spadkobiercy Tatara S\u0142owa: Ewa Florek, muzyka: Pawe\u0142 Ferenc Gdy do S\u0105cza okupant\u00f3wZakrad\u0142 si\u0119 z\u0142owrogi cie\u0144Dla oddzia\u0142u partyzant\u00f3wNadszed\u0142 pr\u00f3by ci\u0119\u017ckiej dzie\u0144 Tatar ludzi m\u0142odych zwo\u0142a\u0142W r\u0119ce im karabin da\u0142Las to by\u0142a dla nich szko\u0142aEgzaminem z lufy strza\u0142 Dzisiaj Wasze po\u015bwi\u0119cenieNakazuje godnie \u017cy\u0107Nasza szko\u0142a swym imieniemWasz\u0105 pami\u0119\u0107 b\u0119dzie czci\u0107 Nie przeszkadza\u0142 g\u0142\u00f3d chorobaZimno amunicji brakAby &hellip; <\/p>\n<div class=\"link-more\"><a href=\"https:\/\/sp15ns.pl\/index.php\/hymn-i-godlo-szkoly\/\" class=\"more-link\">Read More<span class=\"screen-reader-text\"> &#8220;Hymn i God\u0142o Szko\u0142y&#8221;<\/span><\/a><\/div>\n","protected":false},"author":1,"featured_media":0,"parent":0,"menu_order":0,"comment_status":"closed","ping_status":"closed","template":"","meta":{"footnotes":""},"class_list":["post-507","page","type-page","status-publish","hentry"],"_links":{"self":[{"href":"https:\/\/sp15ns.pl\/index.php\/wp-json\/wp\/v2\/pages\/507","targetHints":{"allow":["GET"]}}],"collection":[{"href":"https:\/\/sp15ns.pl\/index.php\/wp-json\/wp\/v2\/pages"}],"about":[{"href":"https:\/\/sp15ns.pl\/index.php\/wp-json\/wp\/v2\/types\/page"}],"author":[{"embeddable":true,"href":"https:\/\/sp15ns.pl\/index.php\/wp-json\/wp\/v2\/users\/1"}],"replies":[{"embeddable":true,"href":"https:\/\/sp15ns.pl\/index.php\/wp-json\/wp\/v2\/comments?post=507"}],"version-history":[{"count":3,"href":"https:\/\/sp15ns.pl\/index.php\/wp-json\/wp\/v2\/pages\/507\/revisions"}],"predecessor-version":[{"id":518,"href":"https:\/\/sp15ns.pl\/index.php\/wp-json\/wp\/v2\/pages\/507\/revisions\/518"}],"wp:attachment":[{"href":"https:\/\/sp15ns.pl\/index.php\/wp-json\/wp\/v2\/media?parent=507"}],"curies":[{"name":"wp","href":"https:\/\/api.w.org\/{rel}","templated":true}]}}

Hymn i Godło Szkoły

<p></p>



<p><strong>HYMN SZKOŁY</strong></p>



<p><strong></strong><strong><em>Spadkobiercy Tatara</em></strong></p>


<div class="wp-block-image">
<figure class="alignright size-full"><img fetchpriority="high" decoding="async" width="279" height="245" src="http://sp15ns.pl/wp-content/uploads/2024/09/godlo.gif" alt="" class="wp-image-508"/></figure>
</div>


<p>Słowa: Ewa Florek, muzyka: Paweł Ferenc</p>



<p>Gdy do Sącza okupantów<br>Zakradł się złowrogi cień<br>Dla oddziału partyzantów<br>Nadszedł próby ciężkiej dzień</p>



<p>Tatar ludzi młodych zwołał<br>W ręce im karabin dał<br>Las to była dla nich szkoła<br>Egzaminem z lufy strzał</p>



<p>Dzisiaj Wasze poświęcenie<br>Nakazuje godnie żyć<br>Nasza szkoła swym imieniem<br>Waszą pamięć będzie czcić</p>



<p>Nie przeszkadzał głód choroba<br>Zimno amunicji brak<br>Aby ciągle nękać wroga<br>Iść w bój na Tatara znak</p>



<p>Chcielibyśmy być jak Oni<br>I pokazać ducha hart<br>Naszym życiem udowodnić<br>Ile każdy z nas jest wart</p>



<p></p>

<p>HYMN SZKOŁY Spadkobiercy Tatara Słowa: Ewa Florek, muzyka: Paweł Ferenc Gdy do Sącza okupantówZakradł się złowrogi cieńDla oddziału partyzantówNadszedł próby ciężkiej dzień Tatar ludzi młodych zwołałW ręce im karabin dałLas to była dla nich szkołaEgzaminem z lufy strzał Dzisiaj Wasze poświęcenieNakazuje godnie żyćNasza szkoła swym imieniemWaszą pamięć będzie czcić Nie przeszkadzał głód chorobaZimno amunicji brakAby &hellip; </p>
<div class="link-more"><a href="https://sp15ns.pl/index.php/hymn-i-godlo-szkoly/" class="more-link">Read More<span class="screen-reader-text"> &#8220;Hymn i Godło Szkoły&#8221;</span></a></div>
