{"id":432,"date":"2023-06-29T15:11:27","date_gmt":"2023-06-29T15:11:27","guid":{"rendered":"http:\/\/sp15ns.pl\/?page_id=432"},"modified":"2025-06-23T07:40:59","modified_gmt":"2025-06-23T07:40:59","slug":"wyprawka-dla-przedszkola","status":"publish","type":"page","link":"https:\/\/sp15ns.pl\/index.php\/wyprawka-dla-przedszkola\/","title":{"rendered":"Wyprawka dla przedszkola"},"content":{"rendered":"\n<p><strong>Wyprawka do oddzia\u0142u przedszkolnego<\/strong><\/p>\n\n\n\n<p><strong>na rok szkolny 2025\/2026<\/strong><\/p>\n\n\n\n<ol class=\"wp-block-list\">\n<li>Ryza papieru ksero<\/li>\n\n\n\n<li>Blok techniczny\u00a0<strong>2x<\/strong>\u00a0(A4) \u2013 NIE WI\u0118KSZY<\/li>\n\n\n\n<li>Blok techniczny kolorowy\u00a0<strong>2x<\/strong>\u00a0(A4)\u00a0\u00a0\u2013 NIE WI\u0118KSZY<\/li>\n\n\n\n<li>Blok rysunkowy kolorowy\u00a0<strong>2x<\/strong>\u00a0(A4)<\/li>\n\n\n\n<li>Dowolna kolorowanka<\/li>\n\n\n\n<li>No\u017cyczki z okr\u0105g\u0142ymi ko\u0144cami<\/li>\n\n\n\n<li>Klej w sztyfcie<\/li>\n\n\n\n<li>Farby plakatowe<\/li>\n\n\n\n<li>P\u0119dzel cienki i gruby<\/li>\n\n\n\n<li>Plastikowy pojemnik na wod\u0119 (stabilny)<\/li>\n\n\n\n<li>Kredki o\u0142\u00f3wkowe (minimum 12 kolor\u00f3w, najlepiej grube)\u00a0<strong>W PI\u00d3RNIKU<\/strong><\/li>\n\n\n\n<li>Kredki \u015bwiecowe\u00a0<strong>W OSOBNYM\u00a0\u00a0PI\u00d3RNIKU<\/strong><\/li>\n\n\n\n<li>Plastelina<\/li>\n\n\n\n<li>Flamastry<\/li>\n\n\n\n<li>O\u0142\u00f3wek<\/li>\n\n\n\n<li>Strugaczka z pojemnikiem na odpadki<\/li>\n\n\n\n<li>Gumka do mazania<\/li>\n\n\n\n<li>Buty na zmian\u0119<\/li>\n<\/ol>\n\n\n\n<p><strong>UWAGA!!!<\/strong>&nbsp;&nbsp;&nbsp;&nbsp;&nbsp;<strong><u>WSZYSTKO PODPISANE<\/u><\/strong><\/p>\n\n\n\n<p>Prosz\u0119 aby;<\/p>\n\n\n\n<ul class=\"wp-block-list\">\n<li>kredki o\u0142\u00f3wkowe i \u015bwiecowe by\u0142y prze\u0142o\u017cone z\u00a0\u00a0tekturowych opakowa\u0144, kt\u00f3re si\u0119 szybko niszcz\u0105 do osobnych pi\u00f3rnik\u00f3w.<\/li>\n<\/ul>\n\n\n\n<p><\/p>\n","protected":false},"excerpt":{"rendered":"<p>Wyprawka do oddzia\u0142u przedszkolnego na rok szkolny 2025\/2026 UWAGA!!!&nbsp;&nbsp;&nbsp;&nbsp;&nbsp;WSZYSTKO PODPISANE Prosz\u0119 aby;<\/p>\n","protected":false},"author":1,"featured_media":0,"parent":0,"menu_order":0,"comment_status":"closed","ping_status":"closed","template":"","meta":{"footnotes":""},"class_list":["post-432","page","type-page","status-publish","hentry"],"_links":{"self":[{"href":"https:\/\/sp15ns.pl\/index.php\/wp-json\/wp\/v2\/pages\/432","targetHints":{"allow":["GET"]}}],"collection":[{"href":"https:\/\/sp15ns.pl\/index.php\/wp-json\/wp\/v2\/pages"}],"about":[{"href":"https:\/\/sp15ns.pl\/index.php\/wp-json\/wp\/v2\/types\/page"}],"author":[{"embeddable":true,"href":"https:\/\/sp15ns.pl\/index.php\/wp-json\/wp\/v2\/users\/1"}],"replies":[{"embeddable":true,"href":"https:\/\/sp15ns.pl\/index.php\/wp-json\/wp\/v2\/comments?post=432"}],"version-history":[{"count":5,"href":"https:\/\/sp15ns.pl\/index.php\/wp-json\/wp\/v2\/pages\/432\/revisions"}],"predecessor-version":[{"id":586,"href":"https:\/\/sp15ns.pl\/index.php\/wp-json\/wp\/v2\/pages\/432\/revisions\/586"}],"wp:attachment":[{"href":"https:\/\/sp15ns.pl\/index.php\/wp-json\/wp\/v2\/media?parent=432"}],"curies":[{"name":"wp","href":"https:\/\/api.w.org\/{rel}","templated":true}]}}

<p><strong>Wyprawka do oddziału przedszkolnego</strong></p>



<p><strong>na rok szkolny 2025/2026</strong></p>



<ol class="wp-block-list">
<li>Ryza papieru ksero</li>



<li>Blok techniczny <strong>2x</strong> (A4) – NIE WIĘKSZY</li>



<li>Blok techniczny kolorowy <strong>2x</strong> (A4)  – NIE WIĘKSZY</li>



<li>Blok rysunkowy kolorowy <strong>2x</strong> (A4)</li>



<li>Dowolna kolorowanka</li>



<li>Nożyczki z okrągłymi końcami</li>



<li>Klej w sztyfcie</li>



<li>Farby plakatowe</li>



<li>Pędzel cienki i gruby</li>



<li>Plastikowy pojemnik na wodę (stabilny)</li>



<li>Kredki ołówkowe (minimum 12 kolorów, najlepiej grube) <strong>W PIÓRNIKU</strong></li>



<li>Kredki świecowe <strong>W OSOBNYM  PIÓRNIKU</strong></li>



<li>Plastelina</li>



<li>Flamastry</li>



<li>Ołówek</li>



<li>Strugaczka z pojemnikiem na odpadki</li>



<li>Gumka do mazania</li>



<li>Buty na zmianę</li>
</ol>



<p><strong>UWAGA!!!</strong>&nbsp;&nbsp;&nbsp;&nbsp;&nbsp;<strong><u>WSZYSTKO PODPISANE</u></strong></p>



<p>Proszę aby;</p>



<ul class="wp-block-list">
<li>kredki ołówkowe i świecowe były przełożone z  tekturowych opakowań, które się szybko niszczą do osobnych piórników.</li>
</ul>



<p></p>

<p>Wyprawka do oddziału przedszkolnego na rok szkolny 2025/2026 UWAGA!!!&nbsp;&nbsp;&nbsp;&nbsp;&nbsp;WSZYSTKO PODPISANE Proszę aby;</p>
