{"id":171,"date":"2022-12-14T07:37:18","date_gmt":"2022-12-14T07:37:18","guid":{"rendered":"http:\/\/sp15ns.pl\/?page_id=171"},"modified":"2022-12-14T08:04:52","modified_gmt":"2022-12-14T08:04:52","slug":"przygotowania-do-ewentualnego-zagrozenia-radiologicznego","status":"publish","type":"page","link":"https:\/\/sp15ns.pl\/index.php\/przygotowania-do-ewentualnego-zagrozenia-radiologicznego\/","title":{"rendered":"Przygotowania do ewentualnego zagro\u017cenia radiologicznego"},"content":{"rendered":"\n<p><br><\/p>\n\n\n\n<p><strong>Szanowni Pa\u0144stwo!<\/strong><\/p>\n\n\n\n<p>Niestety, istnieje niewielkie lecz realne zagro\u017cenie, \u017ce wojna w Ukrainie zawita do nas w postaci zagro\u017cenia radiologicznego spowodowanego katastrof\u0105 lub wybuchem nuklearnym.<\/p>\n\n\n\n<p>Rozpocz\u0119to przygotowania w celu zapobie\u017cenia lub zminimalizowania ewentualnych skutk\u00f3w takiego zdarzenia.<\/p>\n\n\n\n<p>Jednym z mo\u017cliwych dzia\u0142a\u0144 jest podanie preparatu os\u0142onowego, kt\u00f3ry ma chroni\u0107 najbardziej nara\u017cony organ czyli tarczyc\u0119. W latach osiemdziesi\u0105tych by\u0142 to s\u0142ynny p\u0142yn Lugola.<\/p>\n\n\n\n<p><strong>Poniewa\u017c, je\u015bli co\u015b takiego si\u0119 zdarzy, b\u0119dzie bardzo ma\u0142o czasu na podj\u0119cie \u015bwiadomej decyzji (a zdarzy\u0107 si\u0119 mo\u017ce o ka\u017cdej porze dnia i nocy)<\/strong> <strong>przesy\u0142amy Pa\u0144stwu poni\u017cej otrzymane informacje na temat przygotowanego preparatu oraz wypisy z rekomendacji na temat post\u0119powania w takiej sytuacji &#8211; jest ona r\u00f3wnie\u017c podstaw\u0105 prawn\u0105 do wszelkich dzia\u0142a\u0144 w tej materii.<\/strong><\/p>\n\n\n\n<a href=\"http:\/\/sp15ns.pl\/wp-content\/uploads\/2022\/12\/Broszura-informacyjna.pdf\">Broszura informacyjna<\/a>\n\n\n\n<p><\/p>\n\n\n\n<p><\/p>\n\n\n\n<a href=\"http:\/\/sp15ns.pl\/wp-content\/uploads\/2022\/12\/Pismo-Pana-Prezydenta.pdf\">Pismo Pana Prezydenta<\/a>\n\n\n\n<p><\/p>\n\n\n\n<p><\/p>\n\n\n\n<a href=\"http:\/\/sp15ns.pl\/wp-content\/uploads\/2022\/12\/Charakterystyka-produktu-leczniczego.pdf\">Charakterystyka produktu leczniczego<\/a>\n\n\n\n<p><\/p>\n\n\n\n<p><\/p>\n\n\n\n<a href=\"http:\/\/sp15ns.pl\/wp-content\/uploads\/2022\/12\/Ulotka-dolaczona-do-opakowania-informacja-dla-uzytkownika.pdf\">Ulotka<\/a>\n\n\n\n<p><\/p>\n\n\n\n<p><\/p>\n\n\n\n<div class=\"wp-block-file\"><a id=\"wp-block-file--media-5f645554-d60d-4aea-b011-12395ad771ae\" href=\"http:\/\/sp15ns.pl\/wp-content\/uploads\/2022\/12\/oswiadcczenie-rodzicow-jodek-potasu.docx\">O\u015bwiadcczenie rodzic\u00f3w &#8211; jodek potasu<\/a><a href=\"http:\/\/sp15ns.pl\/wp-content\/uploads\/2022\/12\/oswiadcczenie-rodzicow-jodek-potasu.docx\" class=\"wp-block-file__button wp-element-button\" download aria-describedby=\"wp-block-file--media-5f645554-d60d-4aea-b011-12395ad771ae\">Pobierz<\/a><\/div>\n\n\n\n<p><\/p>\n\n\n\n<p><\/p>\n\n\n\n<p><\/p>\n\n\n\n<a href=\"http:\/\/sp15ns.pl\/wp-content\/uploads\/2022\/12\/oswiadcczenie-rodzicow-jodek-potasu.pdf\">O\u015bwiadczenie rodzic\u00f3w<\/a>\n\n\n\n<p><\/p>\n","protected":false},"excerpt":{"rendered":"<p>Szanowni Pa\u0144stwo! Niestety, istnieje niewielkie lecz realne zagro\u017cenie, \u017ce wojna w Ukrainie zawita do nas w postaci zagro\u017cenia radiologicznego spowodowanego katastrof\u0105 lub wybuchem nuklearnym. Rozpocz\u0119to przygotowania w celu zapobie\u017cenia lub zminimalizowania ewentualnych skutk\u00f3w takiego zdarzenia. Jednym z mo\u017cliwych dzia\u0142a\u0144 jest podanie preparatu os\u0142onowego, kt\u00f3ry ma chroni\u0107 najbardziej nara\u017cony organ czyli tarczyc\u0119. W latach osiemdziesi\u0105tych by\u0142 &hellip; <\/p>\n<div class=\"link-more\"><a href=\"https:\/\/sp15ns.pl\/index.php\/przygotowania-do-ewentualnego-zagrozenia-radiologicznego\/\" class=\"more-link\">Read More<span class=\"screen-reader-text\"> &#8220;Przygotowania do ewentualnego zagro\u017cenia radiologicznego&#8221;<\/span><\/a><\/div>\n","protected":false},"author":1,"featured_media":0,"parent":0,"menu_order":0,"comment_status":"closed","ping_status":"closed","template":"","meta":{"footnotes":""},"class_list":["post-171","page","type-page","status-publish","hentry"],"_links":{"self":[{"href":"https:\/\/sp15ns.pl\/index.php\/wp-json\/wp\/v2\/pages\/171","targetHints":{"allow":["GET"]}}],"collection":[{"href":"https:\/\/sp15ns.pl\/index.php\/wp-json\/wp\/v2\/pages"}],"about":[{"href":"https:\/\/sp15ns.pl\/index.php\/wp-json\/wp\/v2\/types\/page"}],"author":[{"embeddable":true,"href":"https:\/\/sp15ns.pl\/index.php\/wp-json\/wp\/v2\/users\/1"}],"replies":[{"embeddable":true,"href":"https:\/\/sp15ns.pl\/index.php\/wp-json\/wp\/v2\/comments?post=171"}],"version-history":[{"count":6,"href":"https:\/\/sp15ns.pl\/index.php\/wp-json\/wp\/v2\/pages\/171\/revisions"}],"predecessor-version":[{"id":187,"href":"https:\/\/sp15ns.pl\/index.php\/wp-json\/wp\/v2\/pages\/171\/revisions\/187"}],"wp:attachment":[{"href":"https:\/\/sp15ns.pl\/index.php\/wp-json\/wp\/v2\/media?parent=171"}],"curies":[{"name":"wp","href":"https:\/\/api.w.org\/{rel}","templated":true}]}}